(-18))?
2, 3, 11
Let n(d) = -d**3 + 4*d**2 + 5*d + 5. List the prime factors of n(5).
5
Let s = -33 + 13. Let y be (-32)/(-10) + 4/s. Suppose -8 = -y*c + 28. What are the prime factors of c?
2, 3
Let x(l) = 9*l**2 + 4*l - 5. Let i be x(2). Let t be (38/(-4))/((-4)/(-8)). Let v = i + t. What are the prime factors of v?
2, 5
Let u = 5 - -27. List the prime factors of u.
2
What are the prime factors of -2*1*414/(-4)?
3, 23
Suppose -a + 9 = -10. What are the prime factors of a?
19
Suppose 5*u - 68 = -6*t + 4*t, -5*u + 10 = 0. List the prime factors of t.
29
Suppose 5*k + 4*g = g + 12, -k + 3*g = 12. Suppose -3*h - h = k. Suppose h = 2*c + 3*c - 40. List the prime factors of c.
2
Suppose 8 = -4*n + 4. List the prime factors of (20*-1)/(n + 0).
2, 5
Let y(u) = -u**2 + 7*u - 7. Let b be y(6). What are the prime factors of (48/20)/(b/(-5))?
2, 3
Let p(b) be the second derivative of -11*b**5/20 - b**3/6 + 4*b. List the prime factors of p(-1).
2, 3
Let u(a) = -2*a + 10. List the prime factors of u(-9).
2, 7
Let o = 2 - -2. Suppose 0 = s + o - 16. What are the prime factors of s?
2, 3
Let m be (-6)/24 + (-2)/(-8). Suppose 2*c = -m*c + 6. What are the prime factors of c?
3
Let i(q) be the second derivative of q**4/12 + 5*q**2/2 - 6*q. What are the prime factors of i(5)?
2, 3, 5
Suppose 2*l + 3*l = 10. Let u = l + 1. List the prime factors of u.
3
Let t = 0 - -5. Let n be (4/5)/(2/t). Suppose -3*o - 3*m = -24, 4*o + 2*m = -n + 30. What are the prime factors of o?
2, 3
Suppose -2 = -v + 1. Suppose 5*w - v = -8. What are the prime factors of w/(-2)*10*1?
5
Let q(n) = 6*n + 17*n + 6*n - 7*n - 2. List the prime factors of q(1).
2, 5
Let j(g) = g**2 + 21*g + 31. List the prime factors of j(-21).
31
Let y be 0/(1*3/(-1)). Let j = 4 - y. Suppose g - 4*i - 16 = -g, -j*g + 3*i + 17 = 0. List the prime factors of g.
2
Let t = 0 + 3. Suppose 5*p + m + 3 = 0, -6 + 3 = -t*p + m. Suppose 2*v + 0*v - 18 = p. What are the prime factors of v?
3
Suppose -v = -h - 2*h - 108, -2*v - 4*h + 166 = 0. List the prime factors of v.
3, 31
What are the prime factors of 2856/85 - 2/(-5)?
2, 17
Let c(z) = 2*z**3 - 4*z**2 - z. Let y be c(3). Suppose 5*x - 10 = -n - 2*n, n = 2*x - y. Let v = 15 - x. What are the prime factors of v?
2, 5
Suppose 6*f - 12 = 3*f. Suppose 2*l + 0 = f. Suppose -5*b + 19 = -l*o, 3*b + 0 = 4*o + 17. What are the prime factors of b?
3
Suppose 4*a - 9*a - 3*r = -1005, -5*a = 5*r - 1015. What are the prime factors of a?
2, 3, 11
What are the prime factors of (-3)/6*(1 + -19)?
3
Suppose -2*c = 4 - 6. What are the prime factors of 3 + (c - 2) + 13?
3, 5
Suppose -f + 4*u - 20 = 0, 0*f + 52 = -2*f + 2*u. Let x = 13 + f. List the prime factors of x/(-3) - (1 + 1).
3
Suppose -11 = -i + w - 5*w, 0 = 2*i - 4*w + 2. Suppose 3*r = 4*a + r - 16, i*r = a + 1. List the prime factors of a.
5
Let t(v) = v + 11. Let o(f) = -2 - f - 2 + 0*f. Let h be o(3). List the prime factors of t(h).
2
Suppose 4*y - 2*n - 222 + 58 = 0, -y + 59 = -5*n. Suppose -4*h - 92 = -4*l, 3*h = -5*l + y + 116. Let t = -17 + l. List the prime factors of t.
11
Let n(y) = y - 3. Let l be -14*(-2 - (-3)/2). Let f be n(l). List the prime factors of (9/f)/(27/144).
2, 3
Let f = 6 - 0. Let y = 5 + -2. Suppose y*n = 4*u + f, -5*n + 4*u = -0*n - 18. What are the prime factors of n?
2, 3
Suppose -2*l + 3 - 7 = 0. Let v be 1/l + (-5)/(-2). List the prime factors of v/7 + (-104)/(-28).
2
Let j(f) = 1 - f**3 + 5 - 1 + 5*f**2 + 2*f**3. What are the prime factors of j(-4)?
3, 7
Let x be 0 + 1 - (2 + -2). List the prime factors of 77/7 + x + 2.
2, 7
Suppose -2*h - 11 = -v, -5*v + 0*v + 40 = 5*h. What are the prime factors of v?
3
Let p(a) = 2*a + 9. Let w be p(7). Suppose 3*o = 2*o + 14. Let i = w - o. What are the prime factors of i?
3
Suppose -5*f + 20 = -5*u - 10*f, 0 = 3*u - 2*f + 12. Let l = 8 + u. Suppose -5*a - 5*s = -s, 0 = -a + l*s + 24. List the prime factors of a.
2
Let f = 24 + -8. List the prime factors of f.
2
What are the prime factors of -6 + 1356/26 - 2/13?
2, 23
Let t be (-10)/(-2)*6/(-5). Let a be 2/t - 10/(-3). Suppose -4*y + 19 = 2*l + a, -4*y + 10 = -l. List the prime factors of y.
3
Suppose v + v - 50 = 0. What are the prime factors of v?
5
Let z = -25 - -29. List the prime factors of z.
2
Suppose q + 9 = 3*q - y, 9 = 4*q + y. Suppose -q*r + r = -54. What are the prime factors of r?
3
Suppose -4 = a - 3*a. Suppose -3*m = a*m. Suppose m = 4*i - 15 - 9. List the prime factors of i.
2, 3
Let c(a) = 5*a**2 - 2*a - 1. Let l be c(2). Let u = l - 9. List the prime factors of u.
2, 3
Let d be 0 + 6/3 + -19. Let s = 32 + d. List the prime factors of s.
3, 5
Suppose -10 = 4*d - 9*d. What are the prime factors of (-82)/(-6) + d/(-3)?
13
Suppose -7*a + 285 = -4*a. Suppose 5*y + 4*h = 95, 5*y - h - 4*h - a = 0. What are the prime factors of y?
19
Suppose -4*t - 15 = -5*r - 7, r + t = 7. Let b = -1 - -9. List the prime factors of (-1)/((b/(-18))/r).
3
Suppose 3*l = 5*s - 1386, 4*s - 5*l - 1101 = -0*s. What are the prime factors of s?
3, 31
Let f(d) = 3*d**2 - d + 1. Let o be f(1). Let i be 1 + (-8)/2 - -8. Suppose 18 = x + i*h, -x - 4*h + 6 = -o*h. List the prime factors of x.
3
Let h = 315 - 158. List the prime factors of h.
157
Let v(t) = -t + 4. Suppose -f + 28 - 12 = -5*g, -3*f - g - 16 = 0. List the prime factors of v(f).
2
Suppose 14*t - 16*t + 414 = 0. What are the prime factors of t?
3, 23
Suppose 18*x = 16*x + 154. Suppose 0 = -5*m + 4*k + k + 5, 0 = 5*m + 4*k - 23. Suppose 0 = -5*l - m*g + x - 8, -l = 3*g - 21. What are the prime factors of l?
2, 3
Let j(k) be the second derivative of k**5/20 - k**4/4 + k**3/3 + 2*k**2 + 5*k. List the prime factors of j(3).
2, 5
Let w(b) = -4*b**2 - 6*b + 11. Let m be w(-6). Let t = -67 - m. List the prime factors of t.
2, 3, 5
Let d = 61 - 31. Let k be ((-7)/((-21)/d))/2. Suppose -k*q + 4*q + 16 = 0. List the prime factors of q.
2
Suppose 5*n - 84 - 61 = 0. What are the prime factors of n?
29
What are the prime factors of (-1 - 32)*(8 - 9)?
3, 11
Let q(r) = r**3 + 6*r**2 - 2*r + 6. Let b be q(-5). Suppose b = y - 3. Suppose -2*k + 4*j + y = 0, -4*k - j + 83 = -4*j. What are the prime factors of k?
2, 5
Let j(l) = -19*l - 57. List the prime factors of j(-10).
7, 19
Let v(m) = -m**3 - 4*m**2 - 6*m + 4. What are the prime factors of v(-5)?
59
Suppose 5*z + 5*i = 1320, 3*i - 22 = -4*z + 1036. What are the prime factors of z?
2, 7, 19
Let q be (-4)/(-6)*36/8. Suppose -4*n + 13 = -q*n. List the prime factors of n.
13
Suppose 9 = 3*d - 6. Suppose -p - d = 0, 5*p = -3*b - 0*p + 11. What are the prime factors of (-16)/b*6/(-4)?
2
Let p(q) = 3*q + 119. What are the prime factors of p(0)?
7, 17
Suppose l + 1 = -2*v, 0*v - 3*l = -v + 10. Let y be v + -2 + 2 + 2. Let c(r) = r**2 - 1. List the prime factors of c(y).
2
Suppose -2*n = 3*n - 150. What are the prime factors of n?
2, 3, 5
Let k(s) = -s**2 - 7*s - 4. Let j be k(-5). What are the prime factors of (j/(-15))/((-1)/10)?
2
Let d = 5 - 1. Let y = 1 - d. What are the prime factors of 3/2*(-16)/y?
2
Let n(h) = 5*h**2 + 10*h - 3. Let q(m) = 3*m**2 + 5*m - 2. Let g(v) = -4*n(v) + 7*q(v). List the prime factors of g(8).
2, 11
Let b(k) = -k**3 + 14*k**2 - 12*k - 14. Let i be b(13). Let u(c) = -4*c**3 + c**2 + c. What are the prime factors of u(i)?
2
Suppose 0*y + 24 = 4*y. Let l = y + 2. Suppose -l = -4*z + 3*z. List the prime factors of z.
2
Let g(l) = -l**3 - l**2 - 14. Let y be g(0). Let q(w) = -2*w - 13. List the prime factors of q(y).
3, 5
Suppose 18 = 2*n + 3*n + 4*h, 5*h - 6 = 2*n. Suppose 0 = n*r - 3 - 5. List the prime factors of r.
2
Let h be (7 - 2)*2/5. List the prime factors of (h - (-10 - -3)) + 3.
2, 3
Suppose -w - 1 = -2*w. Let u be -1*(2 + -7 + w). Suppose -u*x + 2*p - p = -10, x + 5*p = 13. What are the prime factors of x?
3
Let j(d) = 11*d**2 - 2*d + 1. Let o be j(-4). Suppose 6*n - o = -5*q + n, -3*q - 2*n = -107. List the prime factors of q.
3, 11
Suppose 3*p - 56 = -2*g, -4*p = -5*g - p + 182. List the prime factors of g.
2, 17
Suppose -x - 3*s = 2*x - 90, 2*x - 75 = -5*s. Let o = 43 - x. List the prime factors of o.
2, 3
Suppose 24 = -n + 5*n. Let a = 9 + n. What are the prime factors of a?
3, 5
Let c(d) = d**3 + 3*d**2 - 4*d + 2. Suppose -5*m - 4*a - 40 = 0, a = 4*m + 3*a + 26. Let o be c(m). List the pr